{"id":643,"date":"2024-05-08T19:47:54","date_gmt":"2024-05-08T17:47:54","guid":{"rendered":"https:\/\/trabajadoresenred.es\/?page_id=643"},"modified":"2024-05-08T19:47:56","modified_gmt":"2024-05-08T17:47:56","slug":"cuestionario-de-burnout","status":"publish","type":"page","link":"https:\/\/trabajadoresenred.es\/index.php\/cuestionario-de-burnout\/","title":{"rendered":"Cuestionario de Burnout"},"content":{"rendered":"\n<p>Completando este cuestionario cient\u00edficamente validado (Maslach Burnout Inventory) podr\u00e1s saber si sufres el s\u00edndrome de Burnout.<\/p>\n\n\n\n<style>#fbuilder .malo label{background:red;}\n#fbuilder .bueno label{background:chartreuse;}<\/style><style>@media (max-width:480px){#cp_calculatedfieldsf_pform_1{min-height:5262px;}}@media (max-width:768px){#cp_calculatedfieldsf_pform_1{min-height:2586px;}}@media (max-width:1024px){#cp_calculatedfieldsf_pform_1{min-height:3264px;}}@media (min-width:1024px){#cp_calculatedfieldsf_pform_1{min-height:2850px;}}<\/style><form name=\"cp_calculatedfieldsf_pform_1\" id=\"cp_calculatedfieldsf_pform_1\" action=\"https:\/\/trabajadoresenred.es\/index.php\/cuestionario-de-burnout\/\" method=\"post\" enctype=\"multipart\/form-data\" onsubmit=\"return fbuilderjQuery.fbuilder.doValidate(this);\" class=\"cff-form no-prefetch  cff-form-7 cp_cff_13\"  dir=\"ltr\" data-nonce=\"424baac6e3\">\n<input type=\"hidden\" name=\"cp_calculatedfieldsf_pform_psequence\" value=\"_1\" \/>\n<input type=\"hidden\" name=\"cp_calculatedfieldsf_id\" value=\"7\" \/>\n<input type=\"hidden\" name=\"cp_ref_page\" value=\"https:\/\/trabajadoresenred.es\" \/>\n<pre style=\"display:none !important;\"><script data-category=\"functional\" type=\"text\/javascript\">form_structure_1=[[{\"form_identifier\":\"\",\"name\":\"fieldname3\",\"fieldlayout\":\"default\",\"shortlabel\":\"\",\"index\":0,\"ftype\":\"fMedia\",\"userhelp\":\"\",\"audiotutorial\":\"\",\"userhelpTooltip\":false,\"tooltipIcon\":false,\"csslayout\":\"\",\"sMediaType\":\"image\",\"data\":{\"image\":{\"sWidth\":\"\",\"sHeight\":\"\",\"sSrc\":\"https:\\\/\\\/trabajadoresenred.es\\\/wp-content\\\/uploads\\\/2024\\\/05\\\/Maslach-puntuaciones.jpg\",\"sAlt\":\"\",\"sLink\":\"\",\"sTarget\":\"\",\"sFigcaption\":\"Debes responder a cada pregunta con una puntuaci\\u00f3n del 0 al 6\"},\"audio\":{\"sWidth\":\"\",\"sSrc\":\"\",\"sSrcAlt\":\"\",\"sControls\":1,\"sLoop\":0,\"sAutoplay\":0,\"sMuted\":0,\"sPreload\":\"auto\",\"sFallback\":\"\",\"sFigcaption\":\"\",\"sHideDownload\":0},\"video\":{\"sWidth\":\"\",\"sHeight\":\"\",\"sSrc\":\"\",\"sSrcAlt\":\"\",\"sPoster\":\"\",\"sControls\":1,\"sLoop\":0,\"sAutoplay\":0,\"sMuted\":0,\"sPreload\":\"auto\",\"sFallback\":\"\",\"sFigcaption\":\"\",\"sHideDownload\":0}},\"fBuild\":{},\"parent\":\"\"},{\"form_identifier\":\"\",\"name\":\"fieldname2\",\"fieldlayout\":\"default\",\"shortlabel\":\"\",\"index\":1,\"ftype\":\"fnumber\",\"userhelp\":\"\",\"audiotutorial\":\"\",\"userhelpTooltip\":false,\"tooltipIcon\":false,\"csslayout\":\"\",\"title\":\"1 Me siento emocionalmente agotado por mi trabajo\",\"predefined\":\"\",\"predefinedClick\":false,\"required\":true,\"exclude\":false,\"readonly\":false,\"numberpad\":false,\"spinner\":false,\"size\":\"medium\",\"prefix\":\"\",\"postfix\":\"\",\"thousandSeparator\":\"\",\"decimalSymbol\":\".\",\"min\":\"0\",\"max\":\"6\",\"step\":\"\",\"formatDynamically\":false,\"dformat\":\"digits\",\"formats\":[\"digits\",\"number\",\"percent\"],\"fBuild\":{},\"parent\":\"\"},{\"form_identifier\":\"\",\"name\":\"fieldname4\",\"fieldlayout\":\"default\",\"shortlabel\":\"\",\"index\":2,\"ftype\":\"fnumber\",\"userhelp\":\"\",\"audiotutorial\":\"\",\"userhelpTooltip\":false,\"tooltipIcon\":false,\"csslayout\":\"\",\"title\":\"2 Cuando termino mi jornada de trabajo me siento vac\\u00edo\",\"predefined\":\"\",\"predefinedClick\":false,\"required\":true,\"exclude\":false,\"readonly\":false,\"numberpad\":false,\"spinner\":false,\"size\":\"small\",\"prefix\":\"\",\"postfix\":\"\",\"thousandSeparator\":\"\",\"decimalSymbol\":\".\",\"min\":\"0\",\"max\":\"6\",\"step\":\"\",\"formatDynamically\":false,\"dformat\":\"digits\",\"formats\":[\"digits\",\"number\",\"percent\"],\"fBuild\":{},\"parent\":\"\"},{\"form_identifier\":\"\",\"name\":\"fieldname5\",\"fieldlayout\":\"default\",\"shortlabel\":\"\",\"index\":3,\"ftype\":\"fnumber\",\"userhelp\":\"\",\"audiotutorial\":\"\",\"userhelpTooltip\":false,\"tooltipIcon\":false,\"csslayout\":\"\",\"title\":\"3 Cuando me levanto por la ma\\u00f1ana y me enfrento a otra jornada de trabajo me siento fatigado\",\"predefined\":\"\",\"predefinedClick\":false,\"required\":true,\"exclude\":false,\"readonly\":false,\"numberpad\":false,\"spinner\":false,\"size\":\"small\",\"prefix\":\"\",\"postfix\":\"\",\"thousandSeparator\":\"\",\"decimalSymbol\":\".\",\"min\":\"0\",\"max\":\"6\",\"step\":\"\",\"formatDynamically\":false,\"dformat\":\"digits\",\"formats\":[\"digits\",\"number\",\"percent\"],\"fBuild\":{},\"parent\":\"\"},{\"form_identifier\":\"\",\"name\":\"fieldname6\",\"fieldlayout\":\"default\",\"shortlabel\":\"\",\"index\":4,\"ftype\":\"fnumber\",\"userhelp\":\"\",\"audiotutorial\":\"\",\"userhelpTooltip\":false,\"tooltipIcon\":false,\"csslayout\":\"\",\"title\":\"4 Siento que puedo entender f\\u00e1cilmente a los pacientes\",\"predefined\":\"\",\"predefinedClick\":false,\"required\":true,\"exclude\":false,\"readonly\":false,\"numberpad\":false,\"spinner\":false,\"size\":\"small\",\"prefix\":\"\",\"postfix\":\"\",\"thousandSeparator\":\"\",\"decimalSymbol\":\".\",\"min\":\"0\",\"max\":\"6\",\"step\":\"\",\"formatDynamically\":false,\"dformat\":\"digits\",\"formats\":[\"digits\",\"number\",\"percent\"],\"fBuild\":{},\"parent\":\"\"},{\"form_identifier\":\"\",\"name\":\"fieldname7\",\"fieldlayout\":\"default\",\"shortlabel\":\"\",\"index\":5,\"ftype\":\"fnumber\",\"userhelp\":\"\",\"audiotutorial\":\"\",\"userhelpTooltip\":false,\"tooltipIcon\":false,\"csslayout\":\"\",\"title\":\"5 Siento que estoy tratando a algunos pacientes como si fueran objetos impersonales\",\"predefined\":\"\",\"predefinedClick\":false,\"required\":true,\"exclude\":false,\"readonly\":false,\"numberpad\":false,\"spinner\":false,\"size\":\"small\",\"prefix\":\"\",\"postfix\":\"\",\"thousandSeparator\":\"\",\"decimalSymbol\":\".\",\"min\":\"0\",\"max\":\"6\",\"step\":\"\",\"formatDynamically\":false,\"dformat\":\"digits\",\"formats\":[\"digits\",\"number\",\"percent\"],\"fBuild\":{},\"parent\":\"\"},{\"form_identifier\":\"\",\"name\":\"fieldname8\",\"fieldlayout\":\"default\",\"shortlabel\":\"\",\"index\":6,\"ftype\":\"fnumber\",\"userhelp\":\"\",\"audiotutorial\":\"\",\"userhelpTooltip\":false,\"tooltipIcon\":false,\"csslayout\":\"\",\"title\":\"6 Siento que trabajar todo el d\\u00eda con la gente me cansa\",\"predefined\":\"\",\"predefinedClick\":false,\"required\":true,\"exclude\":false,\"readonly\":false,\"numberpad\":false,\"spinner\":false,\"size\":\"small\",\"prefix\":\"\",\"postfix\":\"\",\"thousandSeparator\":\"\",\"decimalSymbol\":\".\",\"min\":\"0\",\"max\":\"6\",\"step\":\"\",\"formatDynamically\":false,\"dformat\":\"digits\",\"formats\":[\"digits\",\"number\",\"percent\"],\"fBuild\":{},\"parent\":\"\"},{\"form_identifier\":\"\",\"name\":\"fieldname9\",\"fieldlayout\":\"default\",\"shortlabel\":\"\",\"index\":7,\"ftype\":\"fnumber\",\"userhelp\":\"\",\"audiotutorial\":\"\",\"userhelpTooltip\":false,\"tooltipIcon\":false,\"csslayout\":\"\",\"title\":\"7 Siento que trato con mucha eficacia los problemas de mis pacientes\",\"predefined\":\"\",\"predefinedClick\":false,\"required\":true,\"exclude\":false,\"readonly\":false,\"numberpad\":false,\"spinner\":false,\"size\":\"small\",\"prefix\":\"\",\"postfix\":\"\",\"thousandSeparator\":\"\",\"decimalSymbol\":\".\",\"min\":\"0\",\"max\":\"6\",\"step\":\"\",\"formatDynamically\":false,\"dformat\":\"digits\",\"formats\":[\"digits\",\"number\",\"percent\"],\"fBuild\":{},\"parent\":\"\"},{\"form_identifier\":\"\",\"name\":\"fieldname10\",\"fieldlayout\":\"default\",\"shortlabel\":\"\",\"index\":8,\"ftype\":\"fnumber\",\"userhelp\":\"\",\"audiotutorial\":\"\",\"userhelpTooltip\":false,\"tooltipIcon\":false,\"csslayout\":\"\",\"title\":\"8 Siento que mi trabajo me est\\u00e1 desgastando\",\"predefined\":\"\",\"predefinedClick\":false,\"required\":true,\"exclude\":false,\"readonly\":false,\"numberpad\":false,\"spinner\":false,\"size\":\"small\",\"prefix\":\"\",\"postfix\":\"\",\"thousandSeparator\":\"\",\"decimalSymbol\":\".\",\"min\":\"0\",\"max\":\"6\",\"step\":\"\",\"formatDynamically\":false,\"dformat\":\"digits\",\"formats\":[\"digits\",\"number\",\"percent\"],\"fBuild\":{},\"parent\":\"\"},{\"form_identifier\":\"\",\"name\":\"fieldname11\",\"fieldlayout\":\"default\",\"shortlabel\":\"\",\"index\":9,\"ftype\":\"fnumber\",\"userhelp\":\"\",\"audiotutorial\":\"\",\"userhelpTooltip\":false,\"tooltipIcon\":false,\"csslayout\":\"\",\"title\":\"9 Siento que estoy influyendo positivamente en la vida de otras personas a trav\\u00e9s de mi trabajo\",\"predefined\":\"\",\"predefinedClick\":false,\"required\":true,\"exclude\":false,\"readonly\":false,\"numberpad\":false,\"spinner\":false,\"size\":\"small\",\"prefix\":\"\",\"postfix\":\"\",\"thousandSeparator\":\"\",\"decimalSymbol\":\".\",\"min\":\"0\",\"max\":\"6\",\"step\":\"\",\"formatDynamically\":false,\"dformat\":\"digits\",\"formats\":[\"digits\",\"number\",\"percent\"],\"fBuild\":{},\"parent\":\"\"},{\"form_identifier\":\"\",\"name\":\"fieldname12\",\"fieldlayout\":\"default\",\"shortlabel\":\"\",\"index\":10,\"ftype\":\"fnumber\",\"userhelp\":\"\",\"audiotutorial\":\"\",\"userhelpTooltip\":false,\"tooltipIcon\":false,\"csslayout\":\"\",\"title\":\"10 Siento que me he hecho m\\u00e1s duro con la gente\",\"predefined\":\"\",\"predefinedClick\":false,\"required\":true,\"exclude\":false,\"readonly\":false,\"numberpad\":false,\"spinner\":false,\"size\":\"small\",\"prefix\":\"\",\"postfix\":\"\",\"thousandSeparator\":\"\",\"decimalSymbol\":\".\",\"min\":\"0\",\"max\":\"6\",\"step\":\"\",\"formatDynamically\":false,\"dformat\":\"digits\",\"formats\":[\"digits\",\"number\",\"percent\"],\"fBuild\":{},\"parent\":\"\"},{\"form_identifier\":\"\",\"name\":\"fieldname13\",\"fieldlayout\":\"default\",\"shortlabel\":\"\",\"index\":11,\"ftype\":\"fnumber\",\"userhelp\":\"\",\"audiotutorial\":\"\",\"userhelpTooltip\":false,\"tooltipIcon\":false,\"csslayout\":\"\",\"title\":\"11 Me preocupa que este trabajo me est\\u00e9 endureciendo emocionalmente\",\"predefined\":\"\",\"predefinedClick\":false,\"required\":true,\"exclude\":false,\"readonly\":false,\"numberpad\":false,\"spinner\":false,\"size\":\"small\",\"prefix\":\"\",\"postfix\":\"\",\"thousandSeparator\":\"\",\"decimalSymbol\":\".\",\"min\":\"0\",\"max\":\"6\",\"step\":\"\",\"formatDynamically\":false,\"dformat\":\"digits\",\"formats\":[\"digits\",\"number\",\"percent\"],\"fBuild\":{},\"parent\":\"\"},{\"form_identifier\":\"\",\"name\":\"fieldname14\",\"fieldlayout\":\"default\",\"shortlabel\":\"\",\"index\":12,\"ftype\":\"fnumber\",\"userhelp\":\"\",\"audiotutorial\":\"\",\"userhelpTooltip\":false,\"tooltipIcon\":false,\"csslayout\":\"\",\"title\":\"12 Me siento con mucha energ\\u00eda en mi trabajo\",\"predefined\":\"\",\"predefinedClick\":false,\"required\":true,\"exclude\":false,\"readonly\":false,\"numberpad\":false,\"spinner\":false,\"size\":\"small\",\"prefix\":\"\",\"postfix\":\"\",\"thousandSeparator\":\"\",\"decimalSymbol\":\".\",\"min\":\"0\",\"max\":\"6\",\"step\":\"\",\"formatDynamically\":false,\"dformat\":\"digits\",\"formats\":[\"digits\",\"number\",\"percent\"],\"fBuild\":{},\"parent\":\"\"},{\"form_identifier\":\"\",\"name\":\"fieldname15\",\"fieldlayout\":\"default\",\"shortlabel\":\"\",\"index\":13,\"ftype\":\"fnumber\",\"userhelp\":\"\",\"audiotutorial\":\"\",\"userhelpTooltip\":false,\"tooltipIcon\":false,\"csslayout\":\"\",\"title\":\"13 Me siento frustrado en mi trabajo\",\"predefined\":\"\",\"predefinedClick\":false,\"required\":true,\"exclude\":false,\"readonly\":false,\"numberpad\":false,\"spinner\":false,\"size\":\"small\",\"prefix\":\"\",\"postfix\":\"\",\"thousandSeparator\":\"\",\"decimalSymbol\":\".\",\"min\":\"0\",\"max\":\"6\",\"step\":\"\",\"formatDynamically\":false,\"dformat\":\"digits\",\"formats\":[\"digits\",\"number\",\"percent\"],\"fBuild\":{},\"parent\":\"\"},{\"form_identifier\":\"\",\"name\":\"fieldname16\",\"fieldlayout\":\"default\",\"shortlabel\":\"\",\"index\":14,\"ftype\":\"fnumber\",\"userhelp\":\"\",\"audiotutorial\":\"\",\"userhelpTooltip\":false,\"tooltipIcon\":false,\"csslayout\":\"\",\"title\":\"14 Siento que estoy demasiado tiempo en mi trabajo\",\"predefined\":\"\",\"predefinedClick\":false,\"required\":true,\"exclude\":false,\"readonly\":false,\"numberpad\":false,\"spinner\":false,\"size\":\"small\",\"prefix\":\"\",\"postfix\":\"\",\"thousandSeparator\":\"\",\"decimalSymbol\":\".\",\"min\":\"0\",\"max\":\"6\",\"step\":\"\",\"formatDynamically\":false,\"dformat\":\"digits\",\"formats\":[\"digits\",\"number\",\"percent\"],\"fBuild\":{},\"parent\":\"\"},{\"form_identifier\":\"\",\"name\":\"fieldname17\",\"fieldlayout\":\"default\",\"shortlabel\":\"\",\"index\":15,\"ftype\":\"fnumber\",\"userhelp\":\"\",\"audiotutorial\":\"\",\"userhelpTooltip\":false,\"tooltipIcon\":false,\"csslayout\":\"\",\"title\":\"15 Siento que realmente no me importa lo que les ocurra a mis pacientes\",\"predefined\":\"\",\"predefinedClick\":false,\"required\":true,\"exclude\":false,\"readonly\":false,\"numberpad\":false,\"spinner\":false,\"size\":\"small\",\"prefix\":\"\",\"postfix\":\"\",\"thousandSeparator\":\"\",\"decimalSymbol\":\".\",\"min\":\"0\",\"max\":\"6\",\"step\":\"\",\"formatDynamically\":false,\"dformat\":\"digits\",\"formats\":[\"digits\",\"number\",\"percent\"],\"fBuild\":{},\"parent\":\"\"},{\"form_identifier\":\"\",\"name\":\"fieldname18\",\"fieldlayout\":\"default\",\"shortlabel\":\"\",\"index\":16,\"ftype\":\"fnumber\",\"userhelp\":\"\",\"audiotutorial\":\"\",\"userhelpTooltip\":false,\"tooltipIcon\":false,\"csslayout\":\"\",\"title\":\"16 Siento que trabajar en contacto directo con la gente me cansa\",\"predefined\":\"\",\"predefinedClick\":false,\"required\":true,\"exclude\":false,\"readonly\":false,\"numberpad\":false,\"spinner\":false,\"size\":\"small\",\"prefix\":\"\",\"postfix\":\"\",\"thousandSeparator\":\"\",\"decimalSymbol\":\".\",\"min\":\"0\",\"max\":\"6\",\"step\":\"\",\"formatDynamically\":false,\"dformat\":\"digits\",\"formats\":[\"digits\",\"number\",\"percent\"],\"fBuild\":{},\"parent\":\"\"},{\"form_identifier\":\"\",\"name\":\"fieldname19\",\"fieldlayout\":\"default\",\"shortlabel\":\"\",\"index\":17,\"ftype\":\"fnumber\",\"userhelp\":\"\",\"audiotutorial\":\"\",\"userhelpTooltip\":false,\"tooltipIcon\":false,\"csslayout\":\"\",\"title\":\"17 Siento que puedo crear con facilidad un clima agradable con mis pacientes\",\"predefined\":\"\",\"predefinedClick\":false,\"required\":true,\"exclude\":false,\"readonly\":false,\"numberpad\":false,\"spinner\":false,\"size\":\"small\",\"prefix\":\"\",\"postfix\":\"\",\"thousandSeparator\":\"\",\"decimalSymbol\":\".\",\"min\":\"0\",\"max\":\"6\",\"step\":\"\",\"formatDynamically\":false,\"dformat\":\"digits\",\"formats\":[\"digits\",\"number\",\"percent\"],\"fBuild\":{},\"parent\":\"\"},{\"form_identifier\":\"\",\"name\":\"fieldname20\",\"fieldlayout\":\"default\",\"shortlabel\":\"\",\"index\":18,\"ftype\":\"fnumber\",\"userhelp\":\"\",\"audiotutorial\":\"\",\"userhelpTooltip\":false,\"tooltipIcon\":false,\"csslayout\":\"\",\"title\":\"18 Me siento estimado despu\\u00e9s de haber trabajado \\u00edntimamente con mis pacientes\",\"predefined\":\"\",\"predefinedClick\":false,\"required\":true,\"exclude\":false,\"readonly\":false,\"numberpad\":false,\"spinner\":false,\"size\":\"small\",\"prefix\":\"\",\"postfix\":\"\",\"thousandSeparator\":\"\",\"decimalSymbol\":\".\",\"min\":\"0\",\"max\":\"6\",\"step\":\"\",\"formatDynamically\":false,\"dformat\":\"digits\",\"formats\":[\"digits\",\"number\",\"percent\"],\"fBuild\":{},\"parent\":\"\"},{\"form_identifier\":\"\",\"name\":\"fieldname21\",\"fieldlayout\":\"default\",\"shortlabel\":\"\",\"index\":19,\"ftype\":\"fnumber\",\"userhelp\":\"\",\"audiotutorial\":\"\",\"userhelpTooltip\":false,\"tooltipIcon\":false,\"csslayout\":\"\",\"title\":\"19 Creo que consigo muchas cosas valiosas en este trabajo\",\"predefined\":\"\",\"predefinedClick\":false,\"required\":true,\"exclude\":false,\"readonly\":false,\"numberpad\":false,\"spinner\":false,\"size\":\"small\",\"prefix\":\"\",\"postfix\":\"\",\"thousandSeparator\":\"\",\"decimalSymbol\":\".\",\"min\":\"0\",\"max\":\"6\",\"step\":\"\",\"formatDynamically\":false,\"dformat\":\"digits\",\"formats\":[\"digits\",\"number\",\"percent\"],\"fBuild\":{},\"parent\":\"\"},{\"form_identifier\":\"\",\"name\":\"fieldname22\",\"fieldlayout\":\"default\",\"shortlabel\":\"\",\"index\":20,\"ftype\":\"fnumber\",\"userhelp\":\"\",\"audiotutorial\":\"\",\"userhelpTooltip\":false,\"tooltipIcon\":false,\"csslayout\":\"\",\"title\":\"20 Me siento como si estuviera al l\\u00edmite de mis posibilidades\",\"predefined\":\"\",\"predefinedClick\":false,\"required\":true,\"exclude\":false,\"readonly\":false,\"numberpad\":false,\"spinner\":false,\"size\":\"small\",\"prefix\":\"\",\"postfix\":\"\",\"thousandSeparator\":\"\",\"decimalSymbol\":\".\",\"min\":\"0\",\"max\":\"6\",\"step\":\"\",\"formatDynamically\":false,\"dformat\":\"digits\",\"formats\":[\"digits\",\"number\",\"percent\"],\"fBuild\":{},\"parent\":\"\"},{\"form_identifier\":\"\",\"name\":\"fieldname23\",\"fieldlayout\":\"default\",\"shortlabel\":\"\",\"index\":21,\"ftype\":\"fnumber\",\"userhelp\":\"\",\"audiotutorial\":\"\",\"userhelpTooltip\":false,\"tooltipIcon\":false,\"csslayout\":\"\",\"title\":\"21 Siento que en mi trabajo los problemas emocionales son tratados de forma adecuada\",\"predefined\":\"\",\"predefinedClick\":false,\"required\":true,\"exclude\":false,\"readonly\":false,\"numberpad\":false,\"spinner\":false,\"size\":\"small\",\"prefix\":\"\",\"postfix\":\"\",\"thousandSeparator\":\"\",\"decimalSymbol\":\".\",\"min\":\"0\",\"max\":\"6\",\"step\":\"\",\"formatDynamically\":false,\"dformat\":\"digits\",\"formats\":[\"digits\",\"number\",\"percent\"],\"fBuild\":{},\"parent\":\"\"},{\"form_identifier\":\"\",\"name\":\"fieldname24\",\"fieldlayout\":\"default\",\"shortlabel\":\"\",\"index\":22,\"ftype\":\"fnumber\",\"userhelp\":\"\",\"audiotutorial\":\"\",\"userhelpTooltip\":false,\"tooltipIcon\":false,\"csslayout\":\"\",\"title\":\"22 Me parece que los pacientes me culpan de alguno de sus problemas\",\"predefined\":\"\",\"predefinedClick\":false,\"required\":true,\"exclude\":false,\"readonly\":false,\"numberpad\":false,\"spinner\":false,\"size\":\"small\",\"prefix\":\"\",\"postfix\":\"\",\"thousandSeparator\":\"\",\"decimalSymbol\":\".\",\"min\":\"0\",\"max\":\"6\",\"step\":\"\",\"formatDynamically\":false,\"dformat\":\"digits\",\"formats\":[\"digits\",\"number\",\"percent\"],\"fBuild\":{},\"parent\":\"\"},{\"dependencies\":[{\"rule\":\"value\\u003C=26\",\"complex\":false,\"fields\":[\"fieldname33\"]},{\"rule\":\"value\\u003E26\",\"complex\":false,\"fields\":[\"fieldname30\"]}],\"form_identifier\":\"\",\"name\":\"fieldname25\",\"fieldlayout\":\"default\",\"shortlabel\":\"Tu puntuaci\\u00f3n\",\"index\":23,\"ftype\":\"fCalculated\",\"userhelp\":\"Tu puntuaci\\u00f3n\",\"audiotutorial\":\"\",\"userhelpTooltip\":false,\"tooltipIcon\":false,\"csslayout\":\"\",\"title\":\"Agotamiento emocional\",\"predefined\":\"\",\"required\":false,\"exclude\":false,\"size\":\"medium\",\"eq\":\"fieldname2+fieldname4+fieldname5+fieldname8+fieldname15+fieldname16+fieldname18+fieldname22\",\"min\":\"\",\"max\":\"\",\"suffix\":\"\",\"prefix\":\"\",\"decimalsymbol\":\".\",\"groupingsymbol\":\"\",\"readonly\":true,\"currency\":false,\"noEvalIfManual\":true,\"formatDynamically\":false,\"dynamicEval\":true,\"hidefield\":false,\"validate\":false,\"fBuild\":{},\"parent\":\"\"},{\"form_identifier\":\"\",\"name\":\"fieldname30\",\"fieldlayout\":\"default\",\"shortlabel\":\"\",\"index\":24,\"ftype\":\"fCommentArea\",\"userhelp\":\"Tu puntuaci\\u00f3n es mayor de 26\",\"audiotutorial\":\"\",\"userhelpTooltip\":false,\"tooltipIcon\":false,\"csslayout\":\"malo\",\"title\":\"Sufres agotamiento emocional\",\"fBuild\":{},\"parent\":\"\"},{\"form_identifier\":\"\",\"name\":\"fieldname33\",\"fieldlayout\":\"default\",\"shortlabel\":\"\",\"index\":25,\"ftype\":\"fCommentArea\",\"userhelp\":\"\",\"audiotutorial\":\"\",\"userhelpTooltip\":false,\"tooltipIcon\":false,\"csslayout\":\"bueno\",\"title\":\"No sufres agotamiento emocional\",\"fBuild\":{},\"parent\":\"\"},{\"dependencies\":[{\"rule\":\"value\\u003E9\",\"complex\":false,\"fields\":[\"fieldname31\"]},{\"rule\":\"value\\u003C=9\",\"complex\":false,\"fields\":[\"fieldname34\"]}],\"form_identifier\":\"\",\"name\":\"fieldname26\",\"fieldlayout\":\"default\",\"shortlabel\":\"Tu puntuaci\\u00f3n\",\"index\":26,\"ftype\":\"fCalculated\",\"userhelp\":\"Tu puntuaci\\u00f3n\",\"audiotutorial\":\"\",\"userhelpTooltip\":false,\"tooltipIcon\":false,\"csslayout\":\"\",\"title\":\"Despersonalizaci\\u00f3n\",\"predefined\":\"\",\"required\":false,\"exclude\":false,\"size\":\"medium\",\"eq\":\"fieldname7+fieldname12+fieldname13+fieldname17+fieldname24\",\"min\":\"\",\"max\":\"\",\"suffix\":\"\",\"prefix\":\"\",\"decimalsymbol\":\".\",\"groupingsymbol\":\"\",\"readonly\":true,\"currency\":false,\"noEvalIfManual\":true,\"formatDynamically\":false,\"dynamicEval\":true,\"hidefield\":false,\"validate\":false,\"fBuild\":{},\"parent\":\"\"},{\"form_identifier\":\"\",\"name\":\"fieldname31\",\"fieldlayout\":\"default\",\"shortlabel\":\"\",\"index\":27,\"ftype\":\"fCommentArea\",\"userhelp\":\"La despersonalizaci\\u00f3n es una alteraci\\u00f3n de la percepci\\u00f3n o la experiencia de uno mismo de tal manera que uno se siente \\u0022separado\\u0022 de los procesos mentales o cuerpo, como si uno fuese un observador externo a los mismos.\\u200b Puede ser a causa del uso recreativo de drogas psic\\u00f3tropas, pero m\\u00e1s usualmente deriva de ansiedad, y abuso constante emocional. \",\"audiotutorial\":\"\",\"userhelpTooltip\":false,\"tooltipIcon\":false,\"csslayout\":\"malo\",\"title\":\"Sufres despersonalizaci\\u00f3n. \",\"fBuild\":{},\"parent\":\"\"},{\"form_identifier\":\"\",\"name\":\"fieldname34\",\"fieldlayout\":\"default\",\"shortlabel\":\"\",\"index\":28,\"ftype\":\"fCommentArea\",\"userhelp\":\"La despersonalizaci\\u00f3n es una alteraci\\u00f3n de la percepci\\u00f3n o la experiencia de uno mismo de tal manera que uno se siente \\u0022separado\\u0022 de los procesos mentales o cuerpo, como si uno fuese un observador externo a los mismos.\\u200b Puede ser a causa del uso recreativo de drogas psic\\u00f3tropas, pero m\\u00e1s usualmente deriva de ansiedad, y abuso constante emocional. \",\"audiotutorial\":\"\",\"userhelpTooltip\":false,\"tooltipIcon\":false,\"csslayout\":\"bueno\",\"title\":\"No sufres despersonalizaci\\u00f3n\",\"fBuild\":{},\"parent\":\"\"},{\"dependencies\":[{\"rule\":\"value\\u003C34\",\"complex\":false,\"fields\":[\"fieldname32\"]},{\"rule\":\"value\\u003E=34\",\"complex\":false,\"fields\":[\"fieldname35\"]}],\"form_identifier\":\"\",\"name\":\"fieldname27\",\"fieldlayout\":\"default\",\"shortlabel\":\"\",\"index\":29,\"ftype\":\"fCalculated\",\"userhelp\":\"Tu puntuaci\\u00f3n\",\"audiotutorial\":\"\",\"userhelpTooltip\":false,\"tooltipIcon\":false,\"csslayout\":\"\",\"title\":\"Realizaci\\u00f3n personal\",\"predefined\":\"\",\"required\":false,\"exclude\":false,\"size\":\"medium\",\"eq\":\"fieldname6+fieldname9+fieldname11+fieldname14+fieldname19+fieldname20+fieldname21+fieldname23\",\"min\":\"\",\"max\":\"\",\"suffix\":\"\",\"prefix\":\"\",\"decimalsymbol\":\".\",\"groupingsymbol\":\"\",\"readonly\":true,\"currency\":false,\"noEvalIfManual\":true,\"formatDynamically\":false,\"dynamicEval\":true,\"hidefield\":false,\"validate\":false,\"fBuild\":{},\"parent\":\"\"},{\"form_identifier\":\"\",\"name\":\"fieldname32\",\"fieldlayout\":\"default\",\"shortlabel\":\"\",\"index\":30,\"ftype\":\"fCommentArea\",\"userhelp\":\"\",\"audiotutorial\":\"\",\"userhelpTooltip\":false,\"tooltipIcon\":false,\"csslayout\":\"malo\",\"title\":\"No te sientes suficientemente realizado con tu trabajo.\",\"fBuild\":{},\"parent\":\"\"},{\"form_identifier\":\"\",\"name\":\"fieldname35\",\"fieldlayout\":\"default\",\"shortlabel\":\"\",\"index\":31,\"ftype\":\"fCommentArea\",\"userhelp\":\"\",\"audiotutorial\":\"\",\"userhelpTooltip\":false,\"tooltipIcon\":false,\"csslayout\":\"bueno\",\"title\":\"Te sientes suficientemente realizado con tu trabajo\",\"fBuild\":{},\"parent\":\"\"}],{\"0\":{\"title\":\"Escala de medici\\u00f3n del Burnout\",\"description\":\"El burnout, tambi\\u00e9n llamado s\\u00edndrome de desgaste profesional o s\\u00edndrome de estar quemado, es la respuesta que da un trabajador cuando percibe la diferencia existente entre sus propios ideales y la realidad de su vida laboral. Para medir hasta qu\\u00e9 punto est\\u00e1s quemado con tu trabajo puedes rellenar esta escala, llamada Maslach Burnout Inventory.\\n\\nDebes rellenar cada campo con una puntuaci\\u00f3n entre 0 y 6:\\n\\n\",\"formlayout\":\"top_aligned\",\"formtemplate\":\"cp_cff_13\",\"titletag\":\"H2\",\"textalign\":\"default\",\"headertextcolor\":\"#3c3c3c\",\"evalequations\":1,\"evalequations_delay\":0,\"evalequationsevent\":2,\"direction\":\"ltr\",\"loading_animation\":0,\"autocomplete\":1,\"persistence\":0,\"animate_form\":0,\"animation_effect\":\"fade\",\"customstyles\":\"#fbuilder .malo label{background:red;}\\n#fbuilder .bueno label{background:chartreuse;}\"},\"formid\":\"cp_calculatedfieldsf_pform_1\"}];<\/script><\/pre>\n<div id=\"fbuilder\">\n\t\t<div id=\"fbuilder_1\">\n\t\t<div id=\"formheader_1\"><\/div>\n\t\t<div id=\"fieldlist_1\"><\/div>\n\t\t<div class=\"clearer\"><\/div>\n\t<\/div>\n<\/div>\n\t<div class=\"clearer\"><\/div>\n\t<input type=\"hidden\" id=\"_cpcff_public_nonce\" name=\"_cpcff_public_nonce\" value=\"7ec2d3dc06\" \/><input type=\"hidden\" name=\"_wp_http_referer\" value=\"\/index.php\/wp-json\/wp\/v2\/pages\/643\" \/><input type=\"hidden\" name=\"cff_form_start_time\" value=\"OlmG2BWpsHO9th6cgEXeRw==\"><\/form>\n\t\n","protected":false},"excerpt":{"rendered":"<p>Completando este cuestionario cient\u00edficamente validado (Maslach Burnout Inventory) podr\u00e1s saber si sufres el s\u00edndrome de Burnout.<\/p>\n","protected":false},"author":1,"featured_media":0,"parent":0,"menu_order":0,"comment_status":"closed","ping_status":"closed","template":"","meta":{"footnotes":""},"class_list":["post-643","page","type-page","status-publish","hentry"],"aioseo_notices":[],"jetpack_sharing_enabled":true,"_links":{"self":[{"href":"https:\/\/trabajadoresenred.es\/index.php\/wp-json\/wp\/v2\/pages\/643","targetHints":{"allow":["GET"]}}],"collection":[{"href":"https:\/\/trabajadoresenred.es\/index.php\/wp-json\/wp\/v2\/pages"}],"about":[{"href":"https:\/\/trabajadoresenred.es\/index.php\/wp-json\/wp\/v2\/types\/page"}],"author":[{"embeddable":true,"href":"https:\/\/trabajadoresenred.es\/index.php\/wp-json\/wp\/v2\/users\/1"}],"replies":[{"embeddable":true,"href":"https:\/\/trabajadoresenred.es\/index.php\/wp-json\/wp\/v2\/comments?post=643"}],"version-history":[{"count":1,"href":"https:\/\/trabajadoresenred.es\/index.php\/wp-json\/wp\/v2\/pages\/643\/revisions"}],"predecessor-version":[{"id":644,"href":"https:\/\/trabajadoresenred.es\/index.php\/wp-json\/wp\/v2\/pages\/643\/revisions\/644"}],"wp:attachment":[{"href":"https:\/\/trabajadoresenred.es\/index.php\/wp-json\/wp\/v2\/media?parent=643"}],"curies":[{"name":"wp","href":"https:\/\/api.w.org\/{rel}","templated":true}]}}